44
Suppose 8*h - 3 = 2*n + 3*h, 3*h = 2*n - 3. Suppose -n*j = -10*j + 8. What is the remainder when 4 is divided by j?
0
Suppose -3*i = -0*i - 60. Suppose 4*n - 36 = 4*z, 5*n = -z + 102 - 45. Calculate the remainder when i is divided by n.
9
Let g(f) = 5*f - 10. What is the remainder when 47 is divided by g(6)?
7
Suppose 0 = -2*f - 2*f + 16. Let i = 14 + f. Suppose 4*n = 4*u + 212, -3*n + 2*n - u + 51 = 0. Calculate the remainder when n is divided by i.
16
Suppose 5 = k, -5*p = -k - 4*k - 10. Let n = 7135 + -7127. Calculate the remainder when n is divided by p.
1
Let g(k) = 33*k + 233. Calculate the remainder when 112 is divided by g(-6).
7
Suppose 3*d - 5*u = 273, -d + 80 = 8*u - 6*u. Calculate the remainder when d is divided by 18.
14
Let k(b) be the first derivative of b**3/3 - 3*b**2/2 + 2*b + 2. What is the remainder when -3*(92/(-16))/((-18)/(-24)) is divided by k(5)?
11
Suppose -l = -k - 27, -2*k - 135 = -4*l - 27. What is the remainder when 97 is divided by l?
16
Let m be 15/35 + 51/(-21). Let w = 11 - 5. What is the remainder when (-13)/(2/m) - 2 is divided by w?
5
Suppose 3*m - 2*g = -5*g + 441, 0 = 3*m - 4*g - 462. Calculate the remainder when m is divided by 22.
18
Suppose -4*t - 3*m = -34, 0 = -t - t - 4*m + 22. Suppose -3*x + 2*x + 3 = 0. What is the remainder when t is divided by x?
1
Let n(z) = -4*z + 1. Suppose 4*a - a = -9. Let q = a - -15. What is the remainder when q is divided by n(-1)?
2
Suppose -7*u = -174 - 22. What is the remainder when u is divided by (-4)/12*4*-6?
4
Let c = 12 - -20. Let t = -16 + c. What is the remainder when 28 is divided by t?
12
Suppose 4*t + 2*x = -3*x + 175, 25 = -5*x. Let c = t + -49. What is the remainder when c is divided by 1?
0
Suppose 3*b - 3*z - 134 = -z, 223 = 5*b - 3*z. Let k = 113 - b. Let j(t) = 2*t**2 - 5*t - 7. Calculate the remainder when k is divided by j(5).
15
Let k(a) = 11*a + 38. What is the remainder when 44 is divided by k(-3)?
4
Calculate the remainder when 17 is divided by (0 - 66/15)*(-30)/12.
6
Suppose 6*v = v - 2*a + 21, -2*v = 3*a - 4. Suppose -v*h + 15 = -15. Let g = 135 - 126. Calculate the remainder when g is divided by h.
3
Let q(y) = -25*y - 56. What is the remainder when 244 is divided by q(-3)?
16
Let g(m) = -2*m. Let a be g(-6). Let i(d) = -d**2 + d + 1. Let p be i(4). Let u = a + p. Calculate the remainder when 1 is divided by u.
0
Let k be -3 - 0*1/(-2). Let f(t) = -2*t**3 - 1. Calculate the remainder when f(k) is divided by (3 - (-57)/(-12))*-8.
11
Let a(f) = -f**3 + 3*f - 1. Let s = 7 + -10. Suppose -4*w + 100 + 96 = 0. What is the remainder when w is divided by a(s)?
15
Suppose -10*q - 254 + 364 = 0. What is the remainder when 72 is divided by q?
6
Let c(d) = 4*d + d**2 + d**2 + 2*d**2 + 10 + d**2. Calculate the remainder when c(-4) is divided by 20.
14
Suppose -16*r = -27*r + 264. Calculate the remainder when 215 is divided by r.
23
Suppose 3*h - 2*u = 59, -544*h + 542*h - 2*u = -16. Calculate the remainder when (0 + 298)/((-2)/(-1)) is divided by h.
14
Suppose 41*u - 239 = 458. What is the remainder when 203 is divided by u?
16
Let o(m) = -1 - 6 + m**2 - 2*m**2 - 11*m. Suppose 7*r - 4*r = 3, 0 = -2*z + 3*r + 9. Calculate the remainder when o(-5) is divided by z.
5
Suppose 3*g - 1113 + 87 = 0. Calculate the remainder when g is divided by 161.
20
Let o(h) = h + 10. Let p be o(11). Let y = 24 - p. Suppose 2*m - 68 = -2*k, 0 = -y*m - 2*k + 6*k + 81. Calculate the remainder when m is divided by 11.
9
Let w be (-2*2)/(-4) + -3 + 5. Suppose 2*l = 5*n - 210, w*l = -0*l. What is the remainder when n is divided by 2 + 0 + -1 + 10?
9
Let c(x) = -41*x + 50. Calculate the remainder when c(-11) is divided by 24.
21
Calculate the remainder when 196 is divided by (374/68)/((-1)/(-2)).
9
Let j be (-2)/4*-6 - 1. Suppose -18 = -k + 5*m + 2, 3*k - j*m - 21 = 0. Calculate the remainder when 146/12 - 2/12 is divided by k.
2
Let i be (6/4)/(1/2). Suppose -5*s + 220 = -i*s. Suppose -3*w + 125 = 5*f, -4*f - 2*w = -23 - 79. What is the remainder when s is divided by f?
26
Let g(s) = 5*s**2 + 6*s + 20. Let z be g(-3). Suppose -4*y + 3 + 17 = 0, 0 = -p - 4*y + z. What is the remainder when 106 is divided by p?
25
Let p(x) = -x**3 + 15*x**2 + 8*x + 33. What is the remainder when p(15) is divided by 40?
33
Let m(g) = g - 3. Let f be m(7). Suppose -103 = -f*p + 81. Suppose -2*r + 4*r - p = 0. What is the remainder when r is divided by 8?
7
Suppose 132 = g + 149. Let z(f) = -f**2 + 4*f - 3. Let l be z(2). What is the remainder when 66 is divided by g*(1/l + -2)?
15
Let s = -13 + 27. Suppose 6*w - 4*w = -6. Calculate the remainder when 1/w*(-91 - -10) is divided by s.
13
What is the remainder when 22 is divided by 9 + -3 + 27/(-9)?
1
Let p(i) = 4 - 3*i + 8*i + 8 - 42*i. Let w be p(-6). What is the remainder when ((-6)/9)/((-4)/w) is divided by 21?
18
Let u(b) = b - 9. What is the remainder when 241 is divided by u(18)?
7
Suppose -3*y + 57*c + 394 = 58*c, -y - c = -134. What is the remainder when y is divided by 17?
11
Suppose -5*d + 10 = -5*y - 15, 5*d = 3*y + 23. What is the remainder when 52 is divided by ((-6)/y)/((-2)/((-16)/3))?
4
Suppose -8*g + 5*g = 9. Let o(a) be the first derivative of a**3/3 - a**2 + 8. What is the remainder when 89 is divided by o(g)?
14
Suppose p + 1 + 4 = 0. Calculate the remainder when (p*1)/(20/(-240)) is divided by 31.
29
Suppose 8 + 1 = 3*a. What is the remainder when 4 is divided by a?
1
Suppose -23*v = -20*v - 15. Suppose 3*f = -5*x + 300, 2*x + v*f - 56 = 83. What is the remainder when x is divided by 12?
9
Suppose 0 = -34*l + 35*l - 406. What is the remainder when l is divided by 82?
78
Let y(o) = 7*o + 163. Calculate the remainder when 80 is divided by y(-17).
36
Suppose -4*i - 3*w = 43 - 150, 0 = -2*i - 4*w + 66. Suppose 0*p = 4*p - 696. Calculate the remainder when 2/(1 - p/178) is divided by i.
20
Let d(x) = x**2 - 2*x + 58. Let q be d(0). What is the remainder when 17 is divided by q/6 + 2/(-3)?
8
Let r(f) = f**3 - 7*f**2 + 19*f - 17. Calculate the remainder when 49 is divided by r(5).
21
Let j = 11 - 16. Let l(g) be the second derivative of -g**4/12 - g**3 + 3*g**2 + 6*g. What is the remainder when l(j) is divided by 6?
5
Let o be (318/(-18))/(3/9). Let t = o - -108. Calculate the remainder when t is divided by 8.
7
Let c(p) be the third derivative of -p**5/60 + 11*p**4/24 + p**3/3 - 2*p**2. Calculate the remainder when -4*(-25)/(-14)*-7 is divided by c(8).
24
Let j = 764 - 530. What is the remainder when 1/(14/j) - (-2)/7 is divided by 9?
8
Let z(t) = -12*t + 26. Let y be z(9). Let r = 105 + y. What is the remainder when 64 is divided by r?
18
Calculate the remainder when 254 is divided by 2*30/45 + 272/3.
70
Let m(c) = -c**2 + c + 14. Let k be m(6). Let j = -21 - -4. Let x = k - j. What is the remainder when x is divided by 1?
0
Suppose l - 3 = 3*b, -2*l - 3*l + 4 = -4*b. Suppose 9 = -l*c + c. Suppose 14*y - c*y = 65. What is the remainder when 38 is divided by y?
12
Let p be (-3 - 1) + 3 - -5. Suppose -s - p = -33. Calculate the remainder when s is divided by 17.
12
Suppose 0*i = -6*i + 1650. Suppose -j - 5 + 0 = 0, -3*j + i = 5*y. What is the remainder when y is divided by 12?
10
Let j be (3 - (-38)/(-8))/(3/(-108)). Suppose i - 2 = 5. What is the remainder when (3 - 203/j) + 119/9 is divided by i?
6
Suppose -2*v + b + 104 = -228, 2*v - 326 = -2*b. What is the remainder when v is divided by 39?
9
Let m = 10 + -45. Calculate the remainder when (-28)/(-6)*(-90)/m is divided by 6.
0
Let f = 11 + -10. Let x(p) = -p**2 - p + 1. Let m be x(f). Let r(v) = 10*v**2 + 1. What is the remainder when 30 is divided by r(m)?
8
Suppose -4*v + 630 + 638 = 0. What is the remainder when v is divided by 64?
61
Suppose 2*n + 6 = 0, -5*n - 7 = t - 3. Let q(v) = -2*v**3 - v**2 + 2*v + 1. Let p be q(-2). Suppose s - 34 = p. Calculate the remainder when s is divided by t.
10
What is the remainder when (-6)/(-5 - (-268)/56) is divided by 15?
13
Suppose -3255 = -206*w + 185*w. Calculate the remainder when w is divided by 26.
25
Let r(n) = 15*n - 3. Let v be r(7). Suppose 5*m - v = -m. Calculate the remainder when 62 is divided by m.
11
Let n be (-750)/9 + (-1)/(-3). Let o = n - -140. Suppose -3*a + 0*a + o = 0. Calculate the remainder when 55 is divided by a.
